{"id":584,"date":"2011-09-10T15:36:25","date_gmt":"2011-09-10T13:36:25","guid":{"rendered":"http:\/\/www.nollendorfblog.de\/?page_id=584"},"modified":"2013-08-30T13:55:03","modified_gmt":"2013-08-30T11:55:03","slug":"mitmachen-aktion-homophopia-kills","status":"publish","type":"page","link":"https:\/\/www.nollendorfblog.de\/?page_id=584","title":{"rendered":"Archiv \/ HOMOPHOPIA KILLS: Protestaktion des Nollendorfblogs zum Papstbesuch im September 2011 in Berlin"},"content":{"rendered":"<p>&nbsp;<\/p>\n<p><strong><a href=\"http:\/\/www.facebook.com\/pages\/homophobiakills\/270517046299277\">&#8222;Homphobia Kills&#8220; on Facebook<\/a><\/strong><\/p>\n<p>&#8212;&#8212;<br \/>\nHier<\/p>\n<p><strong><a href=\"https:\/\/www.nollendorfblog.de\/?p=577\">der Aufruf und die Positionsbestimmung<\/a><\/strong><\/p>\n<p>&#8212;&#8211;<\/p>\n<p><strong>Nollendorf-Blog-Initiative &#8222;Homophobia Kills&#8220;:<\/strong><\/p>\n<p><strong>Resum\u00e9 am 23. September 2011<\/strong><\/p>\n<p>Danke allen, die gestern und in den letzten zwei Wochen unsere Aktion so nach vorne gepusht haben. Es machte Sinn und Spass und eine enorme mediale Pr\u00e4senz. Im Fernsehen waren es in unz\u00e4hligen Beitr\u00e4gen oft nur wenige Sekunden. Aber diese Sekunden transportierten eine klare Botschaft, mit der Millionen Zuschauer konfrontiert worden sind. Da wo man sonst traditionell nackte Hintern und fliegende Kondome zeigt, war jetzt etwas zu sehen, wor\u00fcber man nachdenken muss. Dank uns war &#8222;Emp\u00f6rung&#8220; ein Gef\u00fchl &#8222;das bei diesem Besuch des Papstes&#8220; in den Berliner Stra\u00dfen zu sp\u00fcren ist (&#8222;SZ&#8220;). Danke!<\/p>\n<p><strong>Medienecho<\/strong><\/p>\n<p><img loading=\"lazy\" decoding=\"async\" class=\"aligncenter size-medium wp-image-659\" title=\"tazscreenshot\" alt=\"tazscreenshot\" src=\"https:\/\/www.nollendorfblog.de\/wp-content\/uploads\/2011\/09\/tazscreenshot1-300x234.jpg\" width=\"300\" height=\"234\" \/><\/p>\n<p><img loading=\"lazy\" decoding=\"async\" class=\"aligncenter size-medium wp-image-656\" title=\"heute journal22.09.\" alt=\"heute journal22.09.\" src=\"https:\/\/www.nollendorfblog.de\/wp-content\/uploads\/2011\/09\/heute-journal22.09.-300x168.jpg\" width=\"300\" height=\"168\" \/><\/p>\n<p>Die &#8222;Homophobia Kills&#8220;-Schilder liefen \u00fcber alle gro\u00dfen Bildagenturen und waren somit noch am gleichen Abend Teil unz\u00e4hliger Online und Fernsehberichte weltweit, z.B. <a href=\"http:\/\/www.bbc.co.uk\/news\/world-europe-15016554\">BBC<\/a><br \/>\n<a href=\"http:\/\/www.zdf.de\/ZDFmediathek\/kanaluebersicht\/aktuellste\/228#\/beitrag\/video\/1447668\/ZDF-heute-journal-vom-22September-2011\">heute journal<\/a>, <a href=\"http:\/\/www.n24.de\/media\/import\/afp\/afp_20110922_18\/photo_1316707084279-2-0.jpg\">n24.de<\/a>. Auch in vielen Artikeln und Radiobeitr\u00e4gen wurde sie erw\u00e4hnt. Am 23. September, also am Tag nach der Papst-Demo wurde &#8222;Homophobia Kills&#8220; auf Seite 3 der &#8222;S\u00fcddeutschen Zeitung&#8220; portraitiert. Der Artikel ist nicht \u00fcber die freie SZ-Onlinesuche zu finden sondern nur \u00fcber das kostenpflichtige Archiv (0,99 EUR). Am 23. Oktober um 23.00 Uhr ist &#8222;Homophibia Kills&#8220; Teil der &#8222;Gro\u00dfen RTL-Reportage&#8220; auf RTL und dann ab dem Folgetag eine Woche lang kostenlos auf in der <a href=\"http:\/\/rtl-now.rtl.de\/\">RTL Mediathek<\/a> zu finden.<br \/>\n&#8212;&#8212;<\/p>\n","protected":false},"excerpt":{"rendered":"<p>&nbsp; &#8222;Homphobia Kills&#8220; on Facebook &#8212;&#8212; Hier der Aufruf und die Positionsbestimmung &#8212;&#8211; Nollendorf-Blog-Initiative &#8222;Homophobia Kills&#8220;: Resum\u00e9 am 23. September 2011 Danke allen, die gestern und in den letzten zwei Wochen unsere Aktion so nach vorne gepusht haben. Es machte Sinn und Spass und eine enorme mediale Pr\u00e4senz. Im Fernsehen waren es in unz\u00e4hligen Beitr\u00e4gen &#8230; <a title=\"Archiv \/ HOMOPHOPIA KILLS: Protestaktion des Nollendorfblogs zum Papstbesuch im September 2011 in Berlin\" class=\"read-more\" href=\"https:\/\/www.nollendorfblog.de\/?page_id=584\" aria-label=\"Mehr Informationen \u00fcber Archiv \/ HOMOPHOPIA KILLS: Protestaktion des Nollendorfblogs zum Papstbesuch im September 2011 in Berlin\">Weiterlesen<\/a><\/p>\n","protected":false},"author":1,"featured_media":0,"parent":0,"menu_order":3,"comment_status":"open","ping_status":"open","template":"","meta":{"footnotes":""},"class_list":["post-584","page","type-page","status-publish"],"_links":{"self":[{"href":"https:\/\/www.nollendorfblog.de\/index.php?rest_route=\/wp\/v2\/pages\/584","targetHints":{"allow":["GET"]}}],"collection":[{"href":"https:\/\/www.nollendorfblog.de\/index.php?rest_route=\/wp\/v2\/pages"}],"about":[{"href":"https:\/\/www.nollendorfblog.de\/index.php?rest_route=\/wp\/v2\/types\/page"}],"author":[{"embeddable":true,"href":"https:\/\/www.nollendorfblog.de\/index.php?rest_route=\/wp\/v2\/users\/1"}],"replies":[{"embeddable":true,"href":"https:\/\/www.nollendorfblog.de\/index.php?rest_route=%2Fwp%2Fv2%2Fcomments&post=584"}],"version-history":[{"count":49,"href":"https:\/\/www.nollendorfblog.de\/index.php?rest_route=\/wp\/v2\/pages\/584\/revisions"}],"predecessor-version":[{"id":2266,"href":"https:\/\/www.nollendorfblog.de\/index.php?rest_route=\/wp\/v2\/pages\/584\/revisions\/2266"}],"wp:attachment":[{"href":"https:\/\/www.nollendorfblog.de\/index.php?rest_route=%2Fwp%2Fv2%2Fmedia&parent=584"}],"curies":[{"name":"wp","href":"https:\/\/api.w.org\/{rel}","templated":true}]}}