{"id":9153,"date":"2018-09-12T15:39:40","date_gmt":"2018-09-12T13:39:40","guid":{"rendered":"http:\/\/www.nollendorfblog.de\/?page_id=9153"},"modified":"2018-09-19T10:27:46","modified_gmt":"2018-09-19T08:27:46","slug":"statement-itb-malaysia","status":"publish","type":"page","link":"https:\/\/www.nollendorfblog.de\/?page_id=9153","title":{"rendered":"Statement ITB \/ Malaysia"},"content":{"rendered":"<p><strong>Fragen des Nollendorfblogs an die Messe Berlin (4.09.2018)<\/strong><\/p>\n<p>1.) Wie beurteilt die ITB die oben geschilderte Situation?<u><\/u><u><\/u><\/p>\n<p>2.) Wird die ITB an ihrer Entscheidung f\u00fcr Malaysia als Partnerland 2019 festhalten?<u><\/u><u><\/u><\/p>\n<p>3.) Wurde eine R\u00fccknahme dieser Entscheidung diskutiert?<u><\/u><u><\/u><\/p>\n<p>4.) Wurde mit Ihren malaiischen Partnern \u00fcber diese Folter-Nachricht gesprochen? Wurde grunds\u00e4tzlich mit ihnen \u00fcber die Situation Homosexueller im Land gesprochen?<u><\/u><u><\/u><\/p>\n<p>(Falls weiterhin mit Malaysia als Partnerland geplant wird:)<u><\/u><u><\/u><\/p>\n<p>5.) Wird (wie wird)\u00a0 die Messe das Gespr\u00e4ch mit malaiischen Offiziellen zu diesem Thema suchen; wie wird dieses Thema auf der Messe oder im Begleitprogramm aufgegriffen werden?<u><\/u><u><\/u><\/p>\n<p>6.) Auf Ihrer Homepage wird der YB Dato\u2018 Seri Mohamed Nazri bin Abdul Aziz, Minister f\u00fcr Tourismus und Kultur von Malaysia, wie folgt zitiert: &#8222;Die ITB Berlin ist die weltweit gr\u00f6\u00dfte und angesehenste Messe der Tourismusindustrie \u2013 unsere Partnerschaft f\u00fcr 2019 ist die ideale Plattform, um internationale Aufmerksamkeit f\u00fcr Malaysia zu generieren und wird unserer Zielsetzung sicherlich enormen Auftrieb verleihen.\u201c Sehen Sie die Gefahr, dass die Regierung Malaysias die ITB auch als ideale Plattform nutzen wird, um positive Aufmerksamkeit zur Relativierung, Ablenkung bzw. Legitimierung (von) ihrer Homosexuellenpolitik zu generieren?<\/p>\n<p>&nbsp;<\/p>\n<p><strong>Antwort ITB (12.09.2018):<\/strong><\/p>\n<p>&#8222;Die von Ihnen geschilderte Situation bedauern wir als weltweit f\u00fchrende Fachmesse f\u00fcr die Reiseindustrie nat\u00fcrlich sehr. Die ITB steht f\u00fcr Toleranz und setzt sich kontinuierlich gegen jegliche Form von Diskriminierung ein.<\/p>\n<p>Als weltweit f\u00fchrende Touristik-Fachmesse setzen wir uns kontinuierlich und weltweit f\u00fcr Toleranz und gegen Diskriminierung ein \u2013 sei es aufgrund von Rasse, sexueller Orientierung oder Geschlecht.<\/p>\n<p>Gleichzeitig verstehen wir uns als politisch neutrale Plattform der Reise-Industrie und respektieren die Souver\u00e4nit\u00e4t unserer Aussteller und Partner.<\/p>\n<p>Unsere Aussteller pr\u00e4sentieren sich auf der ITB Berlin ausschlie\u00dflich \u00fcber die touristischen Vorz\u00fcge ihrer Region. Sie betreiben keinerlei politische Werbung.<\/p>\n<p>Wir sind im konstanten Austausch mit den Repr\u00e4sentanten des jeweiligen Partnerlandes. Besch\u00e4ftigt sich die \u00d6ffentlichkeit bzw. die Medien mit Themen wie Diskriminierung oder Verfolgung von Minderheiten, sprechen wir dies selbstverst\u00e4ndlich im Dialog an.<\/p>\n<p>Wir sind uns des Spannungsfeldes zwischen politischer Neutralit\u00e4t und dem Einsatz f\u00fcr Menschrechte und gegen Diskriminierung als weltweit f\u00fchrende Messe der Reise-Industrie bewusst.<\/p>\n<p>Wir suchen zum einen den offenen Dialog zu Partnern und Ausstellern, um kontinuierlich und diplomatisch auf unsere Prinzipien hinzuweisen. Wir versuchen ausdr\u00fccklich, Partner nicht zu belehren, sondern auf Augenh\u00f6he zu diskutieren.<\/p>\n<p>Als gr\u00f6\u00dfte Plattform ihrer Art weltweit sind wir nicht in der Lage, Aussteller aufgrund ihrer politischen Lage im Land zu sanktionieren. Politische Stimmungsmache w\u00e4hrend der Messe akzeptieren wir aber nat\u00fcrlich nicht.<\/p>\n<p>Zudem engagieren wir uns weltweit w\u00e4hrend des gesamten Jahres, um f\u00fcr Toleranz und Respekt zu werben. Sei es als Speaker auf Fachveranstaltungen oder in unserer kontinuierlichen \u00d6ffentlichkeitsarbeit.&#8220;<\/p>\n<h3><a href=\"https:\/\/www.nollendorfblog.de\/?p=9132\">Zur\u00fcck zum Blogbeitrag<\/a><\/h3>\n<p>&nbsp;<\/p>\n","protected":false},"excerpt":{"rendered":"<p>Fragen des Nollendorfblogs an die Messe Berlin (4.09.2018) 1.) Wie beurteilt die ITB die oben geschilderte Situation? 2.) Wird die ITB an ihrer Entscheidung f\u00fcr Malaysia als Partnerland 2019 festhalten? 3.) Wurde eine R\u00fccknahme dieser Entscheidung diskutiert? 4.) Wurde mit Ihren malaiischen Partnern \u00fcber diese Folter-Nachricht gesprochen? Wurde grunds\u00e4tzlich mit ihnen \u00fcber die Situation Homosexueller &#8230; <a title=\"Statement ITB \/ Malaysia\" class=\"read-more\" href=\"https:\/\/www.nollendorfblog.de\/?page_id=9153\" aria-label=\"Mehr Informationen \u00fcber Statement ITB \/ Malaysia\">Weiterlesen<\/a><\/p>\n","protected":false},"author":1,"featured_media":0,"parent":0,"menu_order":0,"comment_status":"closed","ping_status":"closed","template":"","meta":{"footnotes":""},"class_list":["post-9153","page","type-page","status-publish"],"_links":{"self":[{"href":"https:\/\/www.nollendorfblog.de\/index.php?rest_route=\/wp\/v2\/pages\/9153","targetHints":{"allow":["GET"]}}],"collection":[{"href":"https:\/\/www.nollendorfblog.de\/index.php?rest_route=\/wp\/v2\/pages"}],"about":[{"href":"https:\/\/www.nollendorfblog.de\/index.php?rest_route=\/wp\/v2\/types\/page"}],"author":[{"embeddable":true,"href":"https:\/\/www.nollendorfblog.de\/index.php?rest_route=\/wp\/v2\/users\/1"}],"replies":[{"embeddable":true,"href":"https:\/\/www.nollendorfblog.de\/index.php?rest_route=%2Fwp%2Fv2%2Fcomments&post=9153"}],"version-history":[{"count":3,"href":"https:\/\/www.nollendorfblog.de\/index.php?rest_route=\/wp\/v2\/pages\/9153\/revisions"}],"predecessor-version":[{"id":9162,"href":"https:\/\/www.nollendorfblog.de\/index.php?rest_route=\/wp\/v2\/pages\/9153\/revisions\/9162"}],"wp:attachment":[{"href":"https:\/\/www.nollendorfblog.de\/index.php?rest_route=%2Fwp%2Fv2%2Fmedia&parent=9153"}],"curies":[{"name":"wp","href":"https:\/\/api.w.org\/{rel}","templated":true}]}}